{"id":917960,"date":"2023-08-26T08:51:22","date_gmt":"2023-08-26T11:51:22","guid":{"rendered":"https:\/\/www.pm.pb.gov.br\/portal\/?page_id=917960"},"modified":"2023-08-26T11:31:39","modified_gmt":"2023-08-26T14:31:39","slug":"diretriz-estrategica-da-policia-militar-da-paraiba","status":"publish","type":"page","link":"https:\/\/www.pm.pb.gov.br\/portal\/institucional\/diretriz-estrategica-da-policia-militar-da-paraiba\/","title":{"rendered":"Diretrizes Estrat\u00e9gicas da Pol\u00edcia Militar da Para\u00edba"},"content":{"rendered":"<h4><img loading=\"lazy\" decoding=\"async\" class=\"alignnone size-medium wp-image-917972\" src=\"http:\/\/www.pm.pb.gov.br\/portal\/wp-content\/uploads\/2023\/08\/banner-site_policia-forte-sociedade-segura-1-800x237.png\" alt=\"\" width=\"800\" height=\"237\" srcset=\"https:\/\/www.pm.pb.gov.br\/portal\/wp-content\/uploads\/2023\/08\/banner-site_policia-forte-sociedade-segura-1-800x237.png 800w, https:\/\/www.pm.pb.gov.br\/portal\/wp-content\/uploads\/2023\/08\/banner-site_policia-forte-sociedade-segura-1-1024x303.png 1024w, https:\/\/www.pm.pb.gov.br\/portal\/wp-content\/uploads\/2023\/08\/banner-site_policia-forte-sociedade-segura-1-768x228.png 768w, https:\/\/www.pm.pb.gov.br\/portal\/wp-content\/uploads\/2023\/08\/banner-site_policia-forte-sociedade-segura-1.png 1360w\" sizes=\"(max-width: 800px) 100vw, 800px\" \/><\/h4>\n<h5><strong>1. DEFINI\u00c7\u00c3O DO NEG\u00d3CIO (FOCO DE ATUA\u00c7\u00c3O DA PMPB)<\/strong><\/h5>\n<p>Seguran\u00e7a ostensiva e preventiva no Estado da Para\u00edba.<\/p>\n<h5><strong>2. MISS\u00c3O (RAZ\u00c3O DA EXIST\u00caNCIA DA PMPB)<\/strong><\/h5>\n<p>Preservar a ordem p\u00fablica atrav\u00e9s do policiamento ostensivo e preventivo, garantindo os direitos e as liberdades fundamentais da sociedade.<\/p>\n<h5><strong>3. VIS\u00c3O ESTRAT\u00c9GICA (A SER ALCAN\u00c7ADA AT\u00c9 2026)<\/strong><\/h5>\n<p>Ser uma institui\u00e7\u00e3o de excel\u00eancia no desempenho do policiamento ostensivo e preventivo, de forma inovadora e efetiva para a sociedade paraibana.<\/p>\n<h5><strong>4. SLOGAN DA PMPB<\/strong><\/h5>\n<p>Pol\u00edcia forte, sociedade segura.<\/p>\n<h5><strong>5. VALORES DA PMPB<\/strong><\/h5>\n<p><strong>Disciplina:<\/strong><br \/>\nRespeito \u00e0s regras, aos regulamentos e aos procedimentos da organiza\u00e7\u00e3o, assegurando a ordem, a efici\u00eancia e a efic\u00e1cia, tornando-se o alicerce que transforma metas em realiza\u00e7\u00f5es.<br \/>\n<strong>Hierarquia:<\/strong><br \/>\nSistema de comando garantidor da harmonia e da efici\u00eancia no ambiente de trabalho.<br \/>\n<strong>\u00c9tica:<\/strong><br \/>\nIntegridade, lealdade, profissionalismo, honestidade e justi\u00e7a em todas as situa\u00e7\u00f5es.<br \/>\n<strong>Legalidade:<\/strong><br \/>\nAtua\u00e7\u00e3o em conformidade com o ordenamento jur\u00eddico vigente.<br \/>\n<strong>Respeito aos Direitos Humanos:<\/strong><br \/>\nDedica\u00e7\u00e3o \u00e0 justi\u00e7a, \u00e0 equidade e \u00e0 dignidade de todos os cidad\u00e3os.<\/p>\n<h5><strong>6. DEFINI\u00c7\u00c3O DOS STAKEHOLDERS (PARTES INTERESSADAS) E POL\u00cdTICAS<\/strong><\/h5>\n<table style=\"width: 99.6431%; border-collapse: collapse; border-style: solid; border-color: #000000; height: 164px;\">\n<tbody>\n<tr style=\"height: 23px;\">\n<td style=\"width: 23.2866%; border-style: solid; border-color: #000000; height: 23px; text-align: center; background-color: #bdbdbd;\"><strong>Atores Internos<\/strong><\/td>\n<td style=\"width: 78.6421%; border-style: solid; border-color: #000000; height: 23px; text-align: center; background-color: #bdbdbd;\"><strong>Pol\u00edticas Institucionais de Relacionamento<\/strong><\/td>\n<\/tr>\n<tr style=\"height: 23px;\">\n<td style=\"width: 23.2866%; border-style: solid; border-color: #000000; height: 23px; text-align: center; vertical-align: middle;\">Militares Estaduais Ativos<\/td>\n<td style=\"width: 78.6421%; border-style: solid; border-color: #000000; height: 23px;\">\u2022 Manter capacita\u00e7\u00e3o continuada para a presta\u00e7\u00e3o de servi\u00e7o de excel\u00eancia.<br \/>\n\u2022 Ter uma pol\u00edtica de ascens\u00e3o funcional equ\u00e2nime.<br \/>\n\u2022 Atuar conforme os valores da Pol\u00edcia Militar.<br \/>\n\u2022 Garantir condi\u00e7\u00f5es dignas de trabalho para todos os integrantes da Pol\u00edcia Militar.<br \/>\n\u2022 Estabelecer rela\u00e7\u00e3o de assist\u00eancia \u00e0 sa\u00fade.<br \/>\n\u2022 Elaborar o Plano de Valoriza\u00e7\u00e3o Profissional, aproveitando os resultados da recente Pesquisa Nacional sobre a Valoriza\u00e7\u00e3o do Profissional de Seguran\u00e7a P\u00fablica, promovida pela Secretaria Nacional de Seguran\u00e7a P\u00fablica e a Universidade de Bras\u00edlia.<br \/>\n\u2022 Elaborar o Plano de Qualidade de Vida, de acordo com o Sistema \u00danico de Seguran\u00e7a P\u00fablica (SUSP \u2013 Art. 42 da Lei Federal N\u00ba 13.675\/2018).<br \/>\n\u2022 Utilizar tecnologias para o subs\u00eddio do exerc\u00edcio da atividade policial.<\/td>\n<\/tr>\n<tr style=\"height: 23px;\">\n<td style=\"width: 23.2866%; border-style: solid; border-color: #000000; height: 23px; text-align: center; vertical-align: middle;\">Militares Estaduais Veteranos<\/td>\n<td style=\"width: 78.6421%; border-style: solid; border-color: #000000; height: 23px;\">\u2022 Atuar em conformidade com os valores da Pol\u00edcia Militar.<br \/>\n\u2022 Garantir condi\u00e7\u00f5es dignas de trabalho para todos os integrantes da Pol\u00edcia Militar.<br \/>\n\u2022 Promover a manuten\u00e7\u00e3o da qualidade de vida, com assist\u00eancia \u00e0 sa\u00fade.<br \/>\n\u2022 Propor uma pol\u00edtica de repara\u00e7\u00e3o de perdas salariais.<br \/>\n\u2022 Regionalizar o atendimento das demandas dos veteranos e seus dependentes.<br \/>\n\u2022 Efetivar a\u00e7\u00f5es que fortale\u00e7am o sentimento de pertencimento por parte dos veteranos: cria\u00e7\u00e3o do \u201cDia do Veterano\u201d e do \u201cCaf\u00e9 com o Comandante\u201d; realiza\u00e7\u00e3o de eventos peri\u00f3dicos voltados para a sa\u00fade e a educa\u00e7\u00e3o financeira; realiza\u00e7\u00e3o de formaturas nas unidades em ocasi\u00f5es de passagem de militares para a inatividade.<\/td>\n<\/tr>\n<tr style=\"height: 23px;\">\n<td style=\"width: 23.2866%; border-style: solid; border-color: #000000; height: 23px; text-align: center; vertical-align: middle;\">Pensionistas<\/td>\n<td style=\"width: 78.6421%; border-style: solid; border-color: #000000; height: 23px;\">\u2022 Possibilitar o acesso a informa\u00e7\u00f5es necess\u00e1rias para o processo a que faz jus.<br \/>\n\u2022 Orientar quanto aos benef\u00edcios e direitos na forma da lei.<\/td>\n<\/tr>\n<tr style=\"height: 23px;\">\n<td style=\"width: 23.2866%; border-style: solid; border-color: #000000; height: 23px; text-align: center; vertical-align: middle;\">Servidores Civis<\/td>\n<td style=\"width: 78.6421%; border-style: solid; border-color: #000000; height: 23px;\">\u2022 Fortalecer o sentimento de pertencimento e a valoriza\u00e7\u00e3o dos servi\u00e7os prestados.<\/td>\n<\/tr>\n<tr style=\"height: 23px;\">\n<td style=\"width: 23.2866%; border-style: solid; border-color: #000000; height: 23px; text-align: center; vertical-align: middle;\">Prestadores de Servi\u00e7o Contratados<\/td>\n<td style=\"width: 78.6421%; border-style: solid; border-color: #000000; height: 23px;\">\u2022 Estabelecer uma rela\u00e7\u00e3o de comprometimento, com \u00eanfase na confian\u00e7a e no respeito, voltada \u00e0 realiza\u00e7\u00e3o de a\u00e7\u00f5es de forma eficaz e eficiente.<br \/>\n\u2022 Estabelecer uma rela\u00e7\u00e3o de transpar\u00eancia e de cumprimento das obriga\u00e7\u00f5es contratuais.<br \/>\n\u2022 Promover a\u00e7\u00f5es para a valoriza\u00e7\u00e3o dos servi\u00e7os prestados.<\/td>\n<\/tr>\n<tr style=\"height: 26px;\">\n<td style=\"width: 23.2866%; border-style: solid; border-color: #000000; height: 26px; text-align: center; vertical-align: middle;\">Dependentes<\/td>\n<td style=\"width: 78.6421%; border-style: solid; border-color: #000000; height: 26px;\">\u2022 Prover assist\u00eancia m\u00e9dica e social, conforme legisla\u00e7\u00e3o pertinente.<\/td>\n<\/tr>\n<\/tbody>\n<\/table>\n<table style=\"width: 99.7622%; border-collapse: collapse; border-style: solid; border-color: #000000; height: 164px;\">\n<tbody>\n<tr style=\"height: 23px;\">\n<td style=\"width: 23.4035%; border-style: solid; border-color: #000000; height: 23px; text-align: center; background-color: #bdbdbd;\"><strong>Atores Externos <\/strong><\/td>\n<td style=\"width: 78.6625%; border-style: solid; border-color: #000000; height: 23px; text-align: center; background-color: #bdbdbd;\"><strong>Pol\u00edticas Institucionais de Relacionamento<\/strong><\/td>\n<\/tr>\n<tr style=\"height: 23px;\">\n<td style=\"width: 23.4035%; border-style: solid; border-color: #000000; height: 23px; text-align: center; vertical-align: middle;\">Sociedade<\/td>\n<td style=\"width: 78.6625%; border-style: solid; border-color: #000000; height: 23px;\">\u2022 Preservar uma rela\u00e7\u00e3o de credibilidade, confian\u00e7a e respeito, garantindo os direitos fundamentais de todos os cidad\u00e3os.<br \/>\n\u2022 Estabelecer, nos termos da lei, uma pol\u00edtica institucional de dados abertos (transpar\u00eancia p\u00fablica).<br \/>\n\u2022 Melhorar seus indicadores e buscar a valida\u00e7\u00e3o externa, em prol da excel\u00eancia dos servi\u00e7os prestados.<\/td>\n<\/tr>\n<tr style=\"height: 23px;\">\n<td style=\"width: 23.4035%; border-style: solid; border-color: #000000; height: 23px; text-align: center; vertical-align: middle;\">Governo Estadual<\/td>\n<td style=\"width: 78.6625%; border-style: solid; border-color: #000000; height: 23px;\">\u2022 Manter estrito e constante relacionamento, objetivando o fortalecimento da PMPB.<br \/>\n\u2022 Buscar as condi\u00e7\u00f5es necess\u00e1rias para que a Pol\u00edcia Militar possa executar sua miss\u00e3o constitucional.<br \/>\n\u2022 Trabalhar pela composi\u00e7\u00e3o do Plano Estadual de Valoriza\u00e7\u00e3o dos Profissionais da Seguran\u00e7a P\u00fablica.<br \/>\n\u2022 Participar da elabora\u00e7\u00e3o do Planejamento Estrat\u00e9gico e do Plano Executivo para a Seguran\u00e7a P\u00fablica na Para\u00edba.<br \/>\n\u2022 Prospectar parcerias estrat\u00e9gicas para coopera\u00e7\u00e3o bi(multi)lateral.<br \/>\n\u2022 Identificar oportunidades que auxiliem na cria\u00e7\u00e3o de pol\u00edticas p\u00fablicas, sobretudo na \u00e1rea de Seguran\u00e7a e Defesa Social.<br \/>\n\u2022 Colaborar para o desenvolvimento da Rede PB Digital, que possibilitar\u00e1 o exerc\u00edcio da cidadania digital.<\/td>\n<\/tr>\n<tr style=\"height: 23px;\">\n<td style=\"width: 23.4035%; border-style: solid; border-color: #000000; height: 23px; text-align: center; vertical-align: middle;\">Governos Federal e Municipal<\/td>\n<td style=\"width: 78.6625%; border-style: solid; border-color: #000000; height: 23px;\">\u2022 Buscar parcerias estrat\u00e9gicas para coopera\u00e7\u00e3o bi(multi)lateral.<\/td>\n<\/tr>\n<tr style=\"height: 23px;\">\n<td style=\"width: 23.4035%; border-style: solid; border-color: #000000; height: 23px; text-align: center; vertical-align: middle;\">Poderes Legislativo,<br \/>\nJudici\u00e1rio, MP e<br \/>\nTribunal de Contas<\/td>\n<td style=\"width: 78.6625%; border-style: solid; border-color: #000000; height: 23px;\">\u2022 Estabelecer uma rela\u00e7\u00e3o de credibilidade, transpar\u00eancia e legalidade entre os \u00f3rg\u00e3os.<br \/>\n\u2022 Buscar acesso institucional rec\u00edproco entre a PMPB e o poder demandado ou demandante.<\/td>\n<\/tr>\n<tr style=\"height: 23px;\">\n<td style=\"width: 23.4035%; border-style: solid; border-color: #000000; height: 23px; text-align: center; vertical-align: middle;\">Comunica\u00e7\u00e3o e M\u00eddia<\/td>\n<td style=\"width: 78.6625%; border-style: solid; border-color: #000000; height: 23px;\">\u2022 Manter uma rela\u00e7\u00e3o de proximidade, confian\u00e7a e respeito, em prol da transpar\u00eancia na divulga\u00e7\u00e3o das a\u00e7\u00f5es institucionais.<br \/>\n\u2022 Desenvolver a\u00e7\u00f5es que possibilitem a profissionais da imprensa conhecerem a cultura organizacional da Pol\u00edcia Militar.<br \/>\n\u2022 Diversificar os canais de acesso \u00e0 informa\u00e7\u00e3o, promovendo o fortalecimento e a credibilidade institucional.<\/td>\n<\/tr>\n<tr style=\"height: 26px;\">\n<td style=\"width: 23.4035%; border-style: solid; border-color: #000000; height: 26px; text-align: center; vertical-align: middle;\">Fornecedores<\/td>\n<td style=\"width: 78.6625%; border-style: solid; border-color: #000000; height: 26px;\">\u2022 Otimizar a governan\u00e7a corporativa e a transpar\u00eancia p\u00fablica, para a sele\u00e7\u00e3o de melhores servi\u00e7os, produtos e fornecedores, respeitando os termos contratuais.<\/td>\n<\/tr>\n<\/tbody>\n<\/table>\n","protected":false},"excerpt":{"rendered":"<p>1. DEFINI\u00c7\u00c3O DO NEG\u00d3CIO (FOCO DE ATUA\u00c7\u00c3O DA PMPB) Seguran\u00e7a ostensiva e preventiva no Estado da Para\u00edba. 2. MISS\u00c3O (RAZ\u00c3O<\/p>\n","protected":false},"author":5,"featured_media":0,"parent":361,"menu_order":0,"comment_status":"closed","ping_status":"closed","template":"","meta":{"_exactmetrics_skip_tracking":false,"_exactmetrics_sitenote_active":false,"_exactmetrics_sitenote_note":"","_exactmetrics_sitenote_category":0,"footnotes":""},"yoast_head":"<!-- This site is optimized with the Yoast SEO plugin v22.0 - https:\/\/yoast.com\/wordpress\/plugins\/seo\/ -->\n<title>Diretrizes Estrat\u00e9gicas da Pol\u00edcia Militar da Para\u00edba - Pol\u00edcia Militar da Para\u00edba<\/title>\n<meta name=\"robots\" content=\"index, follow, max-snippet:-1, max-image-preview:large, max-video-preview:-1\" \/>\n<link rel=\"canonical\" href=\"https:\/\/www.pm.pb.gov.br\/portal\/institucional\/diretriz-estrategica-da-policia-militar-da-paraiba\/\" \/>\n<meta property=\"og:locale\" content=\"pt_BR\" \/>\n<meta property=\"og:type\" content=\"article\" \/>\n<meta property=\"og:title\" content=\"Diretrizes Estrat\u00e9gicas da Pol\u00edcia Militar da Para\u00edba - Pol\u00edcia Militar da Para\u00edba\" \/>\n<meta property=\"og:description\" content=\"1. DEFINI\u00c7\u00c3O DO NEG\u00d3CIO (FOCO DE ATUA\u00c7\u00c3O DA PMPB) Seguran\u00e7a ostensiva e preventiva no Estado da Para\u00edba. 2. MISS\u00c3O (RAZ\u00c3O\" \/>\n<meta property=\"og:url\" content=\"https:\/\/www.pm.pb.gov.br\/portal\/institucional\/diretriz-estrategica-da-policia-militar-da-paraiba\/\" \/>\n<meta property=\"og:site_name\" content=\"Pol\u00edcia Militar da Para\u00edba\" \/>\n<meta property=\"article:modified_time\" content=\"2023-08-26T14:31:39+00:00\" \/>\n<meta property=\"og:image\" content=\"http:\/\/www.pm.pb.gov.br\/portal\/wp-content\/uploads\/2023\/08\/banner-site_policia-forte-sociedade-segura-1-800x237.png\" \/>\n<meta name=\"twitter:card\" content=\"summary_large_image\" \/>\n<meta name=\"twitter:label1\" content=\"Est. tempo de leitura\" \/>\n\t<meta name=\"twitter:data1\" content=\"5 minutos\" \/>\n<script type=\"application\/ld+json\" class=\"yoast-schema-graph\">{\"@context\":\"https:\/\/schema.org\",\"@graph\":[{\"@type\":\"WebPage\",\"@id\":\"https:\/\/www.pm.pb.gov.br\/portal\/institucional\/diretriz-estrategica-da-policia-militar-da-paraiba\/\",\"url\":\"https:\/\/www.pm.pb.gov.br\/portal\/institucional\/diretriz-estrategica-da-policia-militar-da-paraiba\/\",\"name\":\"Diretrizes Estrat\u00e9gicas da Pol\u00edcia Militar da Para\u00edba - Pol\u00edcia Militar da Para\u00edba\",\"isPartOf\":{\"@id\":\"https:\/\/www.pm.pb.gov.br\/portal\/#website\"},\"datePublished\":\"2023-08-26T11:51:22+00:00\",\"dateModified\":\"2023-08-26T14:31:39+00:00\",\"breadcrumb\":{\"@id\":\"https:\/\/www.pm.pb.gov.br\/portal\/institucional\/diretriz-estrategica-da-policia-militar-da-paraiba\/#breadcrumb\"},\"inLanguage\":\"pt-BR\",\"potentialAction\":[{\"@type\":\"ReadAction\",\"target\":[\"https:\/\/www.pm.pb.gov.br\/portal\/institucional\/diretriz-estrategica-da-policia-militar-da-paraiba\/\"]}]},{\"@type\":\"BreadcrumbList\",\"@id\":\"https:\/\/www.pm.pb.gov.br\/portal\/institucional\/diretriz-estrategica-da-policia-militar-da-paraiba\/#breadcrumb\",\"itemListElement\":[{\"@type\":\"ListItem\",\"position\":1,\"name\":\"In\u00edcio\",\"item\":\"https:\/\/www.pm.pb.gov.br\/portal\/\"},{\"@type\":\"ListItem\",\"position\":2,\"name\":\"Institucional\",\"item\":\"https:\/\/www.pm.pb.gov.br\/portal\/institucional\/\"},{\"@type\":\"ListItem\",\"position\":3,\"name\":\"Diretrizes Estrat\u00e9gicas da Pol\u00edcia Militar da Para\u00edba\"}]},{\"@type\":\"WebSite\",\"@id\":\"https:\/\/www.pm.pb.gov.br\/portal\/#website\",\"url\":\"https:\/\/www.pm.pb.gov.br\/portal\/\",\"name\":\"Pol\u00edcia Militar da Para\u00edba\",\"description\":\"\",\"publisher\":{\"@id\":\"https:\/\/www.pm.pb.gov.br\/portal\/#organization\"},\"potentialAction\":[{\"@type\":\"SearchAction\",\"target\":{\"@type\":\"EntryPoint\",\"urlTemplate\":\"https:\/\/www.pm.pb.gov.br\/portal\/?s={search_term_string}\"},\"query-input\":\"required name=search_term_string\"}],\"inLanguage\":\"pt-BR\"},{\"@type\":\"Organization\",\"@id\":\"https:\/\/www.pm.pb.gov.br\/portal\/#organization\",\"name\":\"Pol\u00edcia Militar da Para\u00edba\",\"url\":\"https:\/\/www.pm.pb.gov.br\/portal\/\",\"logo\":{\"@type\":\"ImageObject\",\"inLanguage\":\"pt-BR\",\"@id\":\"https:\/\/www.pm.pb.gov.br\/portal\/#\/schema\/logo\/image\/\",\"url\":\"https:\/\/www.pm.pb.gov.br\/portal\/wp-content\/uploads\/2025\/03\/cropped-logo-site-mag2-1.png\",\"contentUrl\":\"https:\/\/www.pm.pb.gov.br\/portal\/wp-content\/uploads\/2025\/03\/cropped-logo-site-mag2-1.png\",\"width\":320,\"height\":90,\"caption\":\"Pol\u00edcia Militar da Para\u00edba\"},\"image\":{\"@id\":\"https:\/\/www.pm.pb.gov.br\/portal\/#\/schema\/logo\/image\/\"}}]}<\/script>\n<!-- \/ Yoast SEO plugin. -->","yoast_head_json":{"title":"Diretrizes Estrat\u00e9gicas da Pol\u00edcia Militar da Para\u00edba - Pol\u00edcia Militar da Para\u00edba","robots":{"index":"index","follow":"follow","max-snippet":"max-snippet:-1","max-image-preview":"max-image-preview:large","max-video-preview":"max-video-preview:-1"},"canonical":"https:\/\/www.pm.pb.gov.br\/portal\/institucional\/diretriz-estrategica-da-policia-militar-da-paraiba\/","og_locale":"pt_BR","og_type":"article","og_title":"Diretrizes Estrat\u00e9gicas da Pol\u00edcia Militar da Para\u00edba - Pol\u00edcia Militar da Para\u00edba","og_description":"1. DEFINI\u00c7\u00c3O DO NEG\u00d3CIO (FOCO DE ATUA\u00c7\u00c3O DA PMPB) Seguran\u00e7a ostensiva e preventiva no Estado da Para\u00edba. 2. MISS\u00c3O (RAZ\u00c3O","og_url":"https:\/\/www.pm.pb.gov.br\/portal\/institucional\/diretriz-estrategica-da-policia-militar-da-paraiba\/","og_site_name":"Pol\u00edcia Militar da Para\u00edba","article_modified_time":"2023-08-26T14:31:39+00:00","og_image":[{"url":"http:\/\/www.pm.pb.gov.br\/portal\/wp-content\/uploads\/2023\/08\/banner-site_policia-forte-sociedade-segura-1-800x237.png"}],"twitter_card":"summary_large_image","twitter_misc":{"Est. tempo de leitura":"5 minutos"},"schema":{"@context":"https:\/\/schema.org","@graph":[{"@type":"WebPage","@id":"https:\/\/www.pm.pb.gov.br\/portal\/institucional\/diretriz-estrategica-da-policia-militar-da-paraiba\/","url":"https:\/\/www.pm.pb.gov.br\/portal\/institucional\/diretriz-estrategica-da-policia-militar-da-paraiba\/","name":"Diretrizes Estrat\u00e9gicas da Pol\u00edcia Militar da Para\u00edba - Pol\u00edcia Militar da Para\u00edba","isPartOf":{"@id":"https:\/\/www.pm.pb.gov.br\/portal\/#website"},"datePublished":"2023-08-26T11:51:22+00:00","dateModified":"2023-08-26T14:31:39+00:00","breadcrumb":{"@id":"https:\/\/www.pm.pb.gov.br\/portal\/institucional\/diretriz-estrategica-da-policia-militar-da-paraiba\/#breadcrumb"},"inLanguage":"pt-BR","potentialAction":[{"@type":"ReadAction","target":["https:\/\/www.pm.pb.gov.br\/portal\/institucional\/diretriz-estrategica-da-policia-militar-da-paraiba\/"]}]},{"@type":"BreadcrumbList","@id":"https:\/\/www.pm.pb.gov.br\/portal\/institucional\/diretriz-estrategica-da-policia-militar-da-paraiba\/#breadcrumb","itemListElement":[{"@type":"ListItem","position":1,"name":"In\u00edcio","item":"https:\/\/www.pm.pb.gov.br\/portal\/"},{"@type":"ListItem","position":2,"name":"Institucional","item":"https:\/\/www.pm.pb.gov.br\/portal\/institucional\/"},{"@type":"ListItem","position":3,"name":"Diretrizes Estrat\u00e9gicas da Pol\u00edcia Militar da Para\u00edba"}]},{"@type":"WebSite","@id":"https:\/\/www.pm.pb.gov.br\/portal\/#website","url":"https:\/\/www.pm.pb.gov.br\/portal\/","name":"Pol\u00edcia Militar da Para\u00edba","description":"","publisher":{"@id":"https:\/\/www.pm.pb.gov.br\/portal\/#organization"},"potentialAction":[{"@type":"SearchAction","target":{"@type":"EntryPoint","urlTemplate":"https:\/\/www.pm.pb.gov.br\/portal\/?s={search_term_string}"},"query-input":"required name=search_term_string"}],"inLanguage":"pt-BR"},{"@type":"Organization","@id":"https:\/\/www.pm.pb.gov.br\/portal\/#organization","name":"Pol\u00edcia Militar da Para\u00edba","url":"https:\/\/www.pm.pb.gov.br\/portal\/","logo":{"@type":"ImageObject","inLanguage":"pt-BR","@id":"https:\/\/www.pm.pb.gov.br\/portal\/#\/schema\/logo\/image\/","url":"https:\/\/www.pm.pb.gov.br\/portal\/wp-content\/uploads\/2025\/03\/cropped-logo-site-mag2-1.png","contentUrl":"https:\/\/www.pm.pb.gov.br\/portal\/wp-content\/uploads\/2025\/03\/cropped-logo-site-mag2-1.png","width":320,"height":90,"caption":"Pol\u00edcia Militar da Para\u00edba"},"image":{"@id":"https:\/\/www.pm.pb.gov.br\/portal\/#\/schema\/logo\/image\/"}}]}},"_links":{"self":[{"href":"https:\/\/www.pm.pb.gov.br\/portal\/wp-json\/wp\/v2\/pages\/917960"}],"collection":[{"href":"https:\/\/www.pm.pb.gov.br\/portal\/wp-json\/wp\/v2\/pages"}],"about":[{"href":"https:\/\/www.pm.pb.gov.br\/portal\/wp-json\/wp\/v2\/types\/page"}],"author":[{"embeddable":true,"href":"https:\/\/www.pm.pb.gov.br\/portal\/wp-json\/wp\/v2\/users\/5"}],"replies":[{"embeddable":true,"href":"https:\/\/www.pm.pb.gov.br\/portal\/wp-json\/wp\/v2\/comments?post=917960"}],"version-history":[{"count":6,"href":"https:\/\/www.pm.pb.gov.br\/portal\/wp-json\/wp\/v2\/pages\/917960\/revisions"}],"predecessor-version":[{"id":917981,"href":"https:\/\/www.pm.pb.gov.br\/portal\/wp-json\/wp\/v2\/pages\/917960\/revisions\/917981"}],"up":[{"embeddable":true,"href":"https:\/\/www.pm.pb.gov.br\/portal\/wp-json\/wp\/v2\/pages\/361"}],"wp:attachment":[{"href":"https:\/\/www.pm.pb.gov.br\/portal\/wp-json\/wp\/v2\/media?parent=917960"}],"curies":[{"name":"wp","href":"https:\/\/api.w.org\/{rel}","templated":true}]}}