{"id":910453,"date":"2021-04-28T15:29:34","date_gmt":"2021-04-28T18:29:34","guid":{"rendered":"https:\/\/www.pm.pb.gov.br\/portal\/?page_id=910453"},"modified":"2025-01-15T10:49:26","modified_gmt":"2025-01-15T13:49:26","slug":"privacidade-e-protecao-de-dados","status":"publish","type":"page","link":"https:\/\/www.pm.pb.gov.br\/portal\/privacidade-e-protecao-de-dados\/","title":{"rendered":"Privacidade e Prote\u00e7\u00e3o de Dados"},"content":{"rendered":"<div id=\"pl-910453\"  class=\"panel-layout\" ><div id=\"pg-910453-0\"  class=\"panel-grid panel-no-style\" ><div id=\"pgc-910453-0-0\"  class=\"panel-grid-cell\" ><div id=\"panel-910453-0-0-0\" class=\"so-panel widget widget_sow-editor panel-first-child panel-last-child\" data-index=\"0\" ><div\n\t\t\t\n\t\t\tclass=\"so-widget-sow-editor so-widget-sow-editor-base\"\n\t\t\t\n\t\t>\n<div class=\"siteorigin-widget-tinymce textwidget\">\n\t<p style=\"text-align: center;\"><strong>ESTADO-MAIOR ESTRAT\u00c9GICO<\/strong><\/p>\n<p style=\"text-align: center;\"><strong>COORDENADORIA DE TECNOLOGIA DA INFORMA\u00c7\u00c3O<\/strong><\/p>\n<p style=\"text-align: center;\"><strong>\u00a0<\/strong><strong>POL\u00cdTICA DE PRIVACIDADE<\/strong><\/p>\n<p style=\"text-align: justify;\"><strong>\u00a0<\/strong><strong>\u00a0<\/strong><\/p>\n<ol style=\"text-align: justify;\">\n<li><strong> Apresenta\u00e7\u00e3o<\/strong><\/li>\n<\/ol>\n<p style=\"text-align: justify;\">A <strong>POL\u00cdCIA MILITAR DA PARA\u00cdBA - PMPB<\/strong> \u00e9 uma institui\u00e7\u00e3o permanente, for\u00e7a auxiliar e reserva do Ex\u00e9rcito, que integra o Sistema de Defesa Social do Estado para, em parceria com a comunidade e outras inst\u00e2ncias estatais, exercer com efetividade o seu imperativo constitucional de pol\u00edcia ostensiva e preserva\u00e7\u00e3o da ordem p\u00fablica.<\/p>\n<p style=\"text-align: justify;\">Em conformidade com a Lei Geral de Prote\u00e7\u00e3o de Dados Pessoais (LGPD), sob as balizas das melhores pr\u00e1ticas de seguran\u00e7a, a PMPB apresenta sua declara\u00e7\u00e3o de privacidade.<\/p>\n<p>&nbsp;<\/p>\n<ol style=\"text-align: justify;\" start=\"2\">\n<li><strong> Por dentro da LGPD<\/strong><\/li>\n<\/ol>\n<p style=\"text-align: justify;\">A Lei n\u00ba 13.709\/2018 estabelece maneiras de lidar com dados pessoais, disciplinando como os coletamos, armazenamos, processamos e utilizamos, introduzindo mudan\u00e7as para evitar qualquer forma de divulga\u00e7\u00e3o ou uso indevidos. Assim, segue-se breve tour pelos principais conceitos introduzidos pela norma:<\/p>\n<p style=\"text-align: justify;\"><strong>\u00a0<\/strong><\/p>\n<p style=\"text-align: justify;\"><strong>O que \u00e9 um dado pessoal?<\/strong><\/p>\n<p style=\"text-align: justify;\">Dado pessoal \u00e9 toda informa\u00e7\u00e3o relacionada a pessoa natural identificada ou identific\u00e1vel. S\u00e3o titulares as pessoas naturais \u00e0s quais se referem os dados pessoais que s\u00e3o objeto de tratamento.<\/p>\n<p style=\"text-align: justify;\">Alguns deles s\u00e3o considerados sens\u00edveis, pois referem origem racial ou \u00e9tnica, convic\u00e7\u00e3o religiosa, opini\u00e3o pol\u00edtica, filia\u00e7\u00e3o a sindicato ou a organiza\u00e7\u00e3o de car\u00e1ter religioso, filos\u00f3fico ou pol\u00edtico, dado referente \u00e0 sa\u00fade ou \u00e0 vida sexual, dado gen\u00e9tico ou biom\u00e9trico, quando vinculado a uma pessoa natural.<\/p>\n<p style=\"text-align: justify;\"><strong>\u00a0<\/strong><\/p>\n<p style=\"text-align: justify;\"><strong>Em que consiste o tratamento desses dados?<\/strong><\/p>\n<p style=\"text-align: justify;\">\u00c9 toda opera\u00e7\u00e3o realizada com dados pessoais, como as que se referem a coleta, produ\u00e7\u00e3o, recep\u00e7\u00e3o, classifica\u00e7\u00e3o, utiliza\u00e7\u00e3o, acesso, reprodu\u00e7\u00e3o, transmiss\u00e3o, distribui\u00e7\u00e3o, processamento, arquivamento, armazenamento, elimina\u00e7\u00e3o, avalia\u00e7\u00e3o ou controle da informa\u00e7\u00e3o, modifica\u00e7\u00e3o, comunica\u00e7\u00e3o, transfer\u00eancia, difus\u00e3o ou extra\u00e7\u00e3o.<\/p>\n<p style=\"text-align: justify;\">Esses dados ser\u00e3o tratados por um operador, pessoa natural ou jur\u00eddica, de direito p\u00fablico ou privado, que realiza o tratamento de dados pessoais em nome do controlador, pessoa natural ou jur\u00eddica, de direito p\u00fablico ou privado, a quem competem as decis\u00f5es referentes ao tratamento de dados pessoais.<\/p>\n<p style=\"text-align: justify;\">Sua finalidade \u00e9 a raz\u00e3o ou motiva\u00e7\u00e3o para que seja realizado o tratamento de dados pessoais e o consentimento \u00e9 a manifesta\u00e7\u00e3o livre, informada e inequ\u00edvoca pela qual o titular concorda com o tratamento de seus dados pessoais para uma finalidade determinada.<\/p>\n<p style=\"text-align: justify;\"><strong>\u00a0<\/strong><\/p>\n<p style=\"text-align: justify;\"><strong>O que faz um encarregado pelo tratamento?<\/strong><\/p>\n<p style=\"text-align: justify;\">O encarregado pelo tratamento de dados pessoais \u00e9 a pessoa indicada pelo controlador e operador para atuar como canal de comunica\u00e7\u00e3o entre o controlador, os titulares dos dados e a Autoridade Nacional de Prote\u00e7\u00e3o de Dados (ANPD).<\/p>\n<p style=\"text-align: justify;\">As atividades do encarregado consistem, entre outras, em aceitar reclama\u00e7\u00f5es e comunica\u00e7\u00f5es dos titulares, prestar esclarecimentos e adotar provid\u00eancias.<\/p>\n<p style=\"text-align: justify;\">Para conhecer nosso encarregado, o Tenente Coronel LU\u00cdS CARLOS PANTALE\u00c3O DE SENA, <a href=\"https:\/\/www.pm.pb.gov.br\/portal\/privacidade-e-protecao-de-dados\/dpo\/\" target=\"_blank\" rel=\"noopener\"><strong><u>clique aqui<\/u><\/strong><\/a>.<\/p>\n<p style=\"text-align: justify;\">Se quiser falar sobre privacidade e prote\u00e7\u00e3o de dados pessoais envie correspond\u00eancia para <a href=\"mailto:dpo@pm.pb.gov.br\" target=\"_blank\" rel=\"noopener\"><strong><u>e-mail<\/u><\/strong><\/a>.<\/p>\n<p style=\"text-align: justify;\"><strong>\u00a0<\/strong><\/p>\n<p style=\"text-align: justify;\"><strong>Quais s\u00e3o os s<\/strong><strong>eus direitos<\/strong><strong>?<\/strong><\/p>\n<p style=\"text-align: justify;\">Toda pessoa natural tem assegurada a titularidade de seus dados pessoais e garantidos os direitos fundamentais de liberdade, intimidade e privacidade, nos termos da LGPD.<\/p>\n<p style=\"text-align: justify;\">O titular dos dados pessoais tem direito a obter do controlador, em rela\u00e7\u00e3o aos dados do titular por ele tratados, a qualquer momento e mediante requisi\u00e7\u00e3o, confirma\u00e7\u00e3o da exist\u00eancia de tratamento, acesso aos dados, corre\u00e7\u00e3o de dados incompletos, inexatos ou desatualizados, entre outros.<\/p>\n<p style=\"text-align: justify;\">O titular poder\u00e1 revogar seu consentimento, a qualquer tempo, por correspond\u00eancia eletr\u00f4nica ou por carta escrita.<\/p>\n<p style=\"text-align: justify;\">Para saber mais, acesse o <a href=\"https:\/\/www.planalto.gov.br\/ccivil_03\/_ato2015-2018\/2018\/lei\/l13709.htm\" target=\"_blank\" rel=\"noopener\"><strong><u>texto integral da Lei<\/u><\/strong><\/a>.<\/p>\n<p>&nbsp;<\/p>\n<ol style=\"text-align: justify;\" start=\"3\">\n<li><strong> Quais s\u00e3o os dados pessoais coletados<\/strong><\/li>\n<\/ol>\n<p style=\"text-align: justify;\">Dependendo do seu n\u00edvel de relacionamento com a PMPB ser\u00e1 necess\u00e1ria a abertura de um cadastro. Entre os dados coletados poss\u00edveis incluem-se os seguintes, mas n\u00e3o se limitando a eles:<\/p>\n<p style=\"text-align: justify;\"><strong>Identifica\u00e7\u00e3o:<\/strong><\/p>\n<p style=\"text-align: justify;\">Nome completo; n\u00famero de documento de identifica\u00e7\u00e3o civil e do CPF.<\/p>\n<p style=\"text-align: justify;\"><strong>Contatos:<\/strong><\/p>\n<p style=\"text-align: justify;\">Endere\u00e7o residencial; endere\u00e7o de correio eletr\u00f4nico; n\u00famero de telefone.<\/p>\n<p style=\"text-align: justify;\"><strong>V\u00eddeo: <\/strong><\/p>\n<p style=\"text-align: justify;\">Ao visitar nossas instala\u00e7\u00f5es sua imagem pode ser captada pelas c\u00e2meras de seguran\u00e7a.<\/p>\n<p style=\"text-align: justify;\"><strong>Voz: <\/strong><\/p>\n<p style=\"text-align: justify;\">Quando houver envio de mensagens de voz por aplicativos mensageiros.<\/p>\n<p style=\"text-align: justify;\"><strong>Dados institucionais: <\/strong><\/p>\n<p style=\"text-align: justify;\">O equivalente no caso de pessoas jur\u00eddicas.<\/p>\n<p>&nbsp;<\/p>\n<ol style=\"text-align: justify;\" start=\"4\">\n<li><strong> Como a PMPB utiliza os dados coletados<\/strong><\/li>\n<\/ol>\n<p style=\"text-align: justify;\">Os dados coletados s\u00e3o utilizados para a presta\u00e7\u00e3o dos diversos servi\u00e7os que disponibilizamos a voc\u00ea e, principalmente, para as seguintes finalidades:<\/p>\n<p style=\"text-align: justify;\">- Atualiza\u00e7\u00e3o de dados cadastrais para permitir a identifica\u00e7\u00e3o e o contato com o titular;<\/p>\n<p style=\"text-align: justify;\">- Solicita\u00e7\u00e3o de servi\u00e7os;<\/p>\n<p style=\"text-align: justify;\">- Identifica\u00e7\u00e3o e autentica\u00e7\u00e3o de acesso e uso de aplica\u00e7\u00e3o e seus servi\u00e7os dispon\u00edveis;<\/p>\n<p style=\"text-align: justify;\">- Envio de not\u00edcias e informa\u00e7\u00f5es relevantes;<\/p>\n<p style=\"text-align: justify;\">- Envio de cr\u00edticas, sugest\u00f5es, solicita\u00e7\u00f5es ou d\u00favidas atrav\u00e9s de formul\u00e1rio do do tipo \u201cFale Conosco\u201d ou aplicativo mensageiro;<\/p>\n<p style=\"text-align: justify;\">- Seguran\u00e7a e preven\u00e7\u00e3o a fraudes;<\/p>\n<p style=\"text-align: justify;\">- Resposta \u00e0s solicita\u00e7\u00f5es feitas por usu\u00e1rios;<\/p>\n<p style=\"text-align: justify;\">- Elabora\u00e7\u00e3o de relat\u00f3rios e estat\u00edsticas, sem que haja identifica\u00e7\u00e3o dos usu\u00e1rios;<\/p>\n<p style=\"text-align: justify;\">- Os dados coletados ser\u00e3o utilizados para viabilizar servi\u00e7os, aplica\u00e7\u00f5es e atividades de que tratam o presente Termo. As exce\u00e7\u00f5es ocorrer\u00e3o com a permiss\u00e3o do usu\u00e1rio, por for\u00e7a de lei ou por ordem judicial.<\/p>\n<p>&nbsp;<\/p>\n<ol style=\"text-align: justify;\" start=\"5\">\n<li><strong> Pol\u00edtica de <em>cookies<\/em> e tecnologias semelhantes<\/strong><\/li>\n<\/ol>\n<p style=\"text-align: justify;\">Para melhorar o desempenho dos nossos servi\u00e7os e a sua experi\u00eancia como usu\u00e1rio a PMPB utiliza <em>cookies<\/em> e tecnologias semelhantes durante sua navega\u00e7\u00e3o em nosso site <a href=\"https:\/\/www.pm.pb.gov.br\/portal\/\" target=\"_blank\" rel=\"noopener\">https:\/\/www.pm.pb.gov.br\/portal\/<\/a> e uso do nosso aplicativo, para o qual ser\u00e1 necess\u00e1ria autentica\u00e7\u00e3o mediante usu\u00e1rio e senha.<\/p>\n<p style=\"text-align: justify;\">Os <em>cookies<\/em> s\u00e3o pequenos arquivos inseridos no seu dispositivo para, entre outras coisas, armazenar as prefer\u00eancias e configura\u00e7\u00f5es do usu\u00e1rio, iniciar sess\u00e3o, combater fraudes e analisar o desempenho de servi\u00e7os <em>online<\/em>.<\/p>\n<p style=\"text-align: justify;\">O usu\u00e1rio tem a sua disposi\u00e7\u00e3o uma variedade de ferramentas para controlar os <em>cookies<\/em> e tecnologias semelhantes, incluindo controles de navegador para bloqueio e elimina\u00e7\u00e3o dessas tecnologias.<\/p>\n<p>&nbsp;<\/p>\n<ol style=\"text-align: justify;\" start=\"6\">\n<li><strong> Compartilhamento de dados<\/strong><\/li>\n<\/ol>\n<p style=\"text-align: justify;\">Voc\u00ea \u00e9 o respons\u00e1vel pela veracidade dos dados fornecidos e apenas a POL\u00cdCIA MILITAR DA PARA\u00cdBA poder\u00e1 utilizar, para as finalidades descritas, os seus dados. Excepcionalmente, certas informa\u00e7\u00f5es poder\u00e3o ser compartilhadas com outros \u00f3rg\u00e3os p\u00fablicos para cumprimento de obriga\u00e7\u00f5es legais, interesse leg\u00edtimo ou outra base legal existente.<\/p>\n<p style=\"text-align: justify;\">Durante o processo de tratamento a PMPB s\u00f3 compartilhar\u00e1 os dados necess\u00e1rios e o acesso \u00e0s informa\u00e7\u00f5es com profissionais devidamente autorizados, respeitando os princ\u00edpios previstos em lei e com a garantia de confidencialidade e preserva\u00e7\u00e3o da privacidade, e exclusivamente para o desempenho de suas fun\u00e7\u00f5es.<\/p>\n<p>&nbsp;<\/p>\n<ol style=\"text-align: justify;\" start=\"7\">\n<li><strong> Pol\u00edtica de Seguran\u00e7a<\/strong><\/li>\n<\/ol>\n<p style=\"text-align: justify;\">Seus dados ser\u00e3o armazenados e protegidos atrav\u00e9s de protocolos e softwares de seguran\u00e7a em nossos servidores ou eventualmente em servidores de terceiros alocados no Brasil, inclusive por tecnologia de <em>cloud computing<\/em>, sempre obedecendo aos padr\u00f5es de seguran\u00e7a e controle, conforme legisla\u00e7\u00e3o aplic\u00e1vel.<\/p>\n<p style=\"text-align: justify;\">Firmamos o compromisso de adotar todas as medidas t\u00e9cnicas e administrativas adequadas para proteger seus dados pessoais, no entanto, em caso de incidente de seguran\u00e7a que envolva risco ou dano relevante a voc\u00ea, entraremos em contato para avis\u00e1-lo e notificaremos a Autoridade Nacional de Prote\u00e7\u00e3o de Dados, nos termos da lei.<\/p>\n<p>&nbsp;<\/p>\n<ol style=\"text-align: justify;\" start=\"8\">\n<li><strong> Reten\u00e7\u00e3o de dados pessoais<\/strong><\/li>\n<\/ol>\n<p style=\"text-align: justify;\">Com o t\u00e9rmino do tratamento dos dados, ressalvadas as hip\u00f3teses estabelecidas pela legisla\u00e7\u00e3o aplic\u00e1vel ou pela presente Declara\u00e7\u00e3o de Privacidade, seus dados pessoais ser\u00e3o eliminados da nossa base de dados.<\/p>\n<p>&nbsp;<\/p>\n<ol style=\"text-align: justify;\" start=\"9\">\n<li><strong> Atualiza\u00e7\u00e3o da Pol\u00edtica de Privacidade<\/strong><\/li>\n<\/ol>\n<p style=\"text-align: justify;\">Esta pol\u00edtica de privacidade ser\u00e1 objeto de atualiza\u00e7\u00e3o permanente. Recomenda-se que o titular de dados verifique-a periodicamente para manter-se informado sobre como a POL\u00cdCIA MILITAR DA PARA\u00cdBA est\u00e1 protegendo os seus dados pessoais.<\/p>\n<p style=\"text-align: justify;\">Atualizada em: 24 de janeiro de 2023.<\/p>\n<p style=\"text-align: justify;\"><a href=\"#_ftnref1\" name=\"_ftn1\"><\/a><\/p>\n<\/div>\n<\/div><\/div><\/div><\/div><\/div>","protected":false},"excerpt":{"rendered":"<p>ESTADO-MAIOR ESTRAT\u00c9GICO COORDENADORIA DE TECNOLOGIA DA INFORMA\u00c7\u00c3O \u00a0POL\u00cdTICA DE PRIVACIDADE \u00a0\u00a0 Apresenta\u00e7\u00e3o A POL\u00cdCIA MILITAR DA PARA\u00cdBA &#8211; PMPB \u00e9<\/p>\n","protected":false},"author":1,"featured_media":0,"parent":0,"menu_order":0,"comment_status":"closed","ping_status":"closed","template":"","meta":{"_exactmetrics_skip_tracking":false,"_exactmetrics_sitenote_active":false,"_exactmetrics_sitenote_note":"","_exactmetrics_sitenote_category":0,"footnotes":""},"yoast_head":"<!-- This site is optimized with the Yoast SEO plugin v22.0 - https:\/\/yoast.com\/wordpress\/plugins\/seo\/ -->\n<title>Privacidade e Prote\u00e7\u00e3o de Dados - Pol\u00edcia Militar da Para\u00edba<\/title>\n<meta name=\"robots\" content=\"index, follow, max-snippet:-1, max-image-preview:large, max-video-preview:-1\" \/>\n<link rel=\"canonical\" href=\"https:\/\/www.pm.pb.gov.br\/portal\/privacidade-e-protecao-de-dados\/\" \/>\n<meta property=\"og:locale\" content=\"pt_BR\" \/>\n<meta property=\"og:type\" content=\"article\" \/>\n<meta property=\"og:title\" content=\"Privacidade e Prote\u00e7\u00e3o de Dados - Pol\u00edcia Militar da Para\u00edba\" \/>\n<meta property=\"og:description\" content=\"ESTADO-MAIOR ESTRAT\u00c9GICO COORDENADORIA DE TECNOLOGIA DA INFORMA\u00c7\u00c3O \u00a0POL\u00cdTICA DE PRIVACIDADE \u00a0\u00a0 Apresenta\u00e7\u00e3o A POL\u00cdCIA MILITAR DA PARA\u00cdBA - PMPB \u00e9\" \/>\n<meta property=\"og:url\" content=\"https:\/\/www.pm.pb.gov.br\/portal\/privacidade-e-protecao-de-dados\/\" \/>\n<meta property=\"og:site_name\" content=\"Pol\u00edcia Militar da Para\u00edba\" \/>\n<meta property=\"article:modified_time\" content=\"2025-01-15T13:49:26+00:00\" \/>\n<meta property=\"og:image\" content=\"https:\/\/www.pm.pb.gov.br\/portal\/wp-content\/uploads\/2016\/04\/foto_brasao-1.jpg\" \/>\n\t<meta property=\"og:image:width\" content=\"620\" \/>\n\t<meta property=\"og:image:height\" content=\"411\" \/>\n\t<meta property=\"og:image:type\" content=\"image\/jpeg\" \/>\n<meta name=\"twitter:card\" content=\"summary_large_image\" \/>\n<meta name=\"twitter:label1\" content=\"Est. tempo de leitura\" \/>\n\t<meta name=\"twitter:data1\" content=\"7 minutos\" \/>\n<script type=\"application\/ld+json\" class=\"yoast-schema-graph\">{\"@context\":\"https:\/\/schema.org\",\"@graph\":[{\"@type\":\"WebPage\",\"@id\":\"https:\/\/www.pm.pb.gov.br\/portal\/privacidade-e-protecao-de-dados\/\",\"url\":\"https:\/\/www.pm.pb.gov.br\/portal\/privacidade-e-protecao-de-dados\/\",\"name\":\"Privacidade e Prote\u00e7\u00e3o de Dados - Pol\u00edcia Militar da Para\u00edba\",\"isPartOf\":{\"@id\":\"https:\/\/www.pm.pb.gov.br\/portal\/#website\"},\"datePublished\":\"2021-04-28T18:29:34+00:00\",\"dateModified\":\"2025-01-15T13:49:26+00:00\",\"breadcrumb\":{\"@id\":\"https:\/\/www.pm.pb.gov.br\/portal\/privacidade-e-protecao-de-dados\/#breadcrumb\"},\"inLanguage\":\"pt-BR\",\"potentialAction\":[{\"@type\":\"ReadAction\",\"target\":[\"https:\/\/www.pm.pb.gov.br\/portal\/privacidade-e-protecao-de-dados\/\"]}]},{\"@type\":\"BreadcrumbList\",\"@id\":\"https:\/\/www.pm.pb.gov.br\/portal\/privacidade-e-protecao-de-dados\/#breadcrumb\",\"itemListElement\":[{\"@type\":\"ListItem\",\"position\":1,\"name\":\"In\u00edcio\",\"item\":\"https:\/\/www.pm.pb.gov.br\/portal\/\"},{\"@type\":\"ListItem\",\"position\":2,\"name\":\"Privacidade e Prote\u00e7\u00e3o de Dados\"}]},{\"@type\":\"WebSite\",\"@id\":\"https:\/\/www.pm.pb.gov.br\/portal\/#website\",\"url\":\"https:\/\/www.pm.pb.gov.br\/portal\/\",\"name\":\"Pol\u00edcia Militar da Para\u00edba\",\"description\":\"\",\"publisher\":{\"@id\":\"https:\/\/www.pm.pb.gov.br\/portal\/#organization\"},\"potentialAction\":[{\"@type\":\"SearchAction\",\"target\":{\"@type\":\"EntryPoint\",\"urlTemplate\":\"https:\/\/www.pm.pb.gov.br\/portal\/?s={search_term_string}\"},\"query-input\":\"required name=search_term_string\"}],\"inLanguage\":\"pt-BR\"},{\"@type\":\"Organization\",\"@id\":\"https:\/\/www.pm.pb.gov.br\/portal\/#organization\",\"name\":\"Pol\u00edcia Militar da Para\u00edba\",\"url\":\"https:\/\/www.pm.pb.gov.br\/portal\/\",\"logo\":{\"@type\":\"ImageObject\",\"inLanguage\":\"pt-BR\",\"@id\":\"https:\/\/www.pm.pb.gov.br\/portal\/#\/schema\/logo\/image\/\",\"url\":\"https:\/\/www.pm.pb.gov.br\/portal\/wp-content\/uploads\/2025\/03\/cropped-logo-site-mag2-1.png\",\"contentUrl\":\"https:\/\/www.pm.pb.gov.br\/portal\/wp-content\/uploads\/2025\/03\/cropped-logo-site-mag2-1.png\",\"width\":320,\"height\":90,\"caption\":\"Pol\u00edcia Militar da Para\u00edba\"},\"image\":{\"@id\":\"https:\/\/www.pm.pb.gov.br\/portal\/#\/schema\/logo\/image\/\"}}]}<\/script>\n<!-- \/ Yoast SEO plugin. -->","yoast_head_json":{"title":"Privacidade e Prote\u00e7\u00e3o de Dados - Pol\u00edcia Militar da Para\u00edba","robots":{"index":"index","follow":"follow","max-snippet":"max-snippet:-1","max-image-preview":"max-image-preview:large","max-video-preview":"max-video-preview:-1"},"canonical":"https:\/\/www.pm.pb.gov.br\/portal\/privacidade-e-protecao-de-dados\/","og_locale":"pt_BR","og_type":"article","og_title":"Privacidade e Prote\u00e7\u00e3o de Dados - Pol\u00edcia Militar da Para\u00edba","og_description":"ESTADO-MAIOR ESTRAT\u00c9GICO COORDENADORIA DE TECNOLOGIA DA INFORMA\u00c7\u00c3O \u00a0POL\u00cdTICA DE PRIVACIDADE \u00a0\u00a0 Apresenta\u00e7\u00e3o A POL\u00cdCIA MILITAR DA PARA\u00cdBA - PMPB \u00e9","og_url":"https:\/\/www.pm.pb.gov.br\/portal\/privacidade-e-protecao-de-dados\/","og_site_name":"Pol\u00edcia Militar da Para\u00edba","article_modified_time":"2025-01-15T13:49:26+00:00","og_image":[{"width":620,"height":411,"url":"https:\/\/www.pm.pb.gov.br\/portal\/wp-content\/uploads\/2016\/04\/foto_brasao-1.jpg","type":"image\/jpeg"}],"twitter_card":"summary_large_image","twitter_misc":{"Est. tempo de leitura":"7 minutos"},"schema":{"@context":"https:\/\/schema.org","@graph":[{"@type":"WebPage","@id":"https:\/\/www.pm.pb.gov.br\/portal\/privacidade-e-protecao-de-dados\/","url":"https:\/\/www.pm.pb.gov.br\/portal\/privacidade-e-protecao-de-dados\/","name":"Privacidade e Prote\u00e7\u00e3o de Dados - Pol\u00edcia Militar da Para\u00edba","isPartOf":{"@id":"https:\/\/www.pm.pb.gov.br\/portal\/#website"},"datePublished":"2021-04-28T18:29:34+00:00","dateModified":"2025-01-15T13:49:26+00:00","breadcrumb":{"@id":"https:\/\/www.pm.pb.gov.br\/portal\/privacidade-e-protecao-de-dados\/#breadcrumb"},"inLanguage":"pt-BR","potentialAction":[{"@type":"ReadAction","target":["https:\/\/www.pm.pb.gov.br\/portal\/privacidade-e-protecao-de-dados\/"]}]},{"@type":"BreadcrumbList","@id":"https:\/\/www.pm.pb.gov.br\/portal\/privacidade-e-protecao-de-dados\/#breadcrumb","itemListElement":[{"@type":"ListItem","position":1,"name":"In\u00edcio","item":"https:\/\/www.pm.pb.gov.br\/portal\/"},{"@type":"ListItem","position":2,"name":"Privacidade e Prote\u00e7\u00e3o de Dados"}]},{"@type":"WebSite","@id":"https:\/\/www.pm.pb.gov.br\/portal\/#website","url":"https:\/\/www.pm.pb.gov.br\/portal\/","name":"Pol\u00edcia Militar da Para\u00edba","description":"","publisher":{"@id":"https:\/\/www.pm.pb.gov.br\/portal\/#organization"},"potentialAction":[{"@type":"SearchAction","target":{"@type":"EntryPoint","urlTemplate":"https:\/\/www.pm.pb.gov.br\/portal\/?s={search_term_string}"},"query-input":"required name=search_term_string"}],"inLanguage":"pt-BR"},{"@type":"Organization","@id":"https:\/\/www.pm.pb.gov.br\/portal\/#organization","name":"Pol\u00edcia Militar da Para\u00edba","url":"https:\/\/www.pm.pb.gov.br\/portal\/","logo":{"@type":"ImageObject","inLanguage":"pt-BR","@id":"https:\/\/www.pm.pb.gov.br\/portal\/#\/schema\/logo\/image\/","url":"https:\/\/www.pm.pb.gov.br\/portal\/wp-content\/uploads\/2025\/03\/cropped-logo-site-mag2-1.png","contentUrl":"https:\/\/www.pm.pb.gov.br\/portal\/wp-content\/uploads\/2025\/03\/cropped-logo-site-mag2-1.png","width":320,"height":90,"caption":"Pol\u00edcia Militar da Para\u00edba"},"image":{"@id":"https:\/\/www.pm.pb.gov.br\/portal\/#\/schema\/logo\/image\/"}}]}},"_links":{"self":[{"href":"https:\/\/www.pm.pb.gov.br\/portal\/wp-json\/wp\/v2\/pages\/910453"}],"collection":[{"href":"https:\/\/www.pm.pb.gov.br\/portal\/wp-json\/wp\/v2\/pages"}],"about":[{"href":"https:\/\/www.pm.pb.gov.br\/portal\/wp-json\/wp\/v2\/types\/page"}],"author":[{"embeddable":true,"href":"https:\/\/www.pm.pb.gov.br\/portal\/wp-json\/wp\/v2\/users\/1"}],"replies":[{"embeddable":true,"href":"https:\/\/www.pm.pb.gov.br\/portal\/wp-json\/wp\/v2\/comments?post=910453"}],"version-history":[{"count":25,"href":"https:\/\/www.pm.pb.gov.br\/portal\/wp-json\/wp\/v2\/pages\/910453\/revisions"}],"predecessor-version":[{"id":925379,"href":"https:\/\/www.pm.pb.gov.br\/portal\/wp-json\/wp\/v2\/pages\/910453\/revisions\/925379"}],"wp:attachment":[{"href":"https:\/\/www.pm.pb.gov.br\/portal\/wp-json\/wp\/v2\/media?parent=910453"}],"curies":[{"name":"wp","href":"https:\/\/api.w.org\/{rel}","templated":true}]}}